 2?
-703c20c9
In base 2, what is -100100111111101001 - -11111?
-100100111111001010
In base 13, what is 348 - 6164?
-5b19
In base 11, what is 266077315 + -3?
266077312
In base 2, what is 10100 + 10110010110011100?
10110010110110000
In base 9, what is 25 - -414277?
414313
In base 14, what is a9a - 27948?
-26c8c
In base 10, what is 10475 + -294?
10181
In base 4, what is -2 + 23323311231?
23323311223
In base 12, what is 0 + 1830665?
1830665
In base 14, what is 2 + 163351b?
163351d
In base 9, what is -358448464 + -2?
-358448466
In base 15, what is 103 - 2161?
-205d
In base 12, what is -1777b70 - 7?
-1777b77
In base 6, what is 4130243 - 13430?
4112413
In base 3, what is -22222011102012 + 10010?
-22222011022002
In base 7, what is -1024 - -1506631?
1505604
In base 3, what is -212200 + -2211110222?
-2212100122
In base 14, what is -7 - -162685?
16267c
In base 13, what is 366 - -7a207?
7a570
In base 12, what is -636216 + 13?
-636203
In base 14, what is -3 + 35ac78a?
35ac787
In base 15, what is 63d + -a48a?
-9d4c
In base 16, what is -7 + -64022?
-64029
In base 12, what is -356b08 + 205?
-356903
In base 16, what is 16500 - 31?
164cf
In base 4, what is 11 + -1132320031?
-1132320020
In base 8, what is 42435 + -1273?
41142
In base 2, what is 100 + 111000111010100111111?
111000111010101000011
In base 10, what is -3 + 309175?
309172
In base 8, what is 2503740570 + 3?
2503740573
In base 9, what is 2568505653 - -4?
2568505657
In base 8, what is -5556177 + -26?
-5556225
In base 8, what is 3355 + -4167?
-612
In base 13, what is 12 - -61465?
61477
In base 10, what is 2 + -5397013?
-5397011
In base 13, what is -7378268 + 1?
-7378267
In base 10, what is 1 - -3747750?
3747751
In base 14, what is 26823 + -35d?
264a4
In base 12, what is -219b8ba - 0?
-219b8ba
In base 14, what is 388c29 - 1?
388c28
In base 11, what is 42 + -1019a4?
-101962
In base 11, what is 348a - 341?
3149
In base 7, what is 100 + 42461441?
42461541
In base 11, what is -24455 + 22970?
-1595
In base 2, what is -10000110011001100 - -100110101?
-10000101110010111
In base 9, what is -35512432 - -7?
-35512424
In base 6, what is 3430 + -41302410?
-41254540
In base 6, what is -5323224 + -410?
-5324034
In base 12, what is 31 + -49271b?
-4926aa
In base 9, what is 1 - 151015?
-151014
In base 9, what is -7 + 23530470?
23530462
In base 2, what is -110001 + 101010110101111001000?
101010110101110010111
In base 14, what is 17bb75c1 - -4?
17bb75c5
In base 3, what is -212222122212101 + -12?
-212222122212120
In base 11, what is -66533158 + 0?
-66533158
In base 4, what is -102130322030 - 233?
-102130322323
In base 2, what is -11011010111111100100 + -1010?
-11011010111111101110
In base 2, what is -10010000111110111001110001100 + 100?
-10010000111110111001110001000
In base 14, what is 82c87d - 38?
82c845
In base 5, what is -10103434 + 113231?
-4440203
In base 7, what is 1362 - 10640662?
-10636300
In base 7, what is 26013203115 + -5?
26013203110
In base 5, what is 4423223 + -23140?
4400033
In base 13, what is 1cb2 - -271?
2253
In base 15, what is -1 - -caacec?
caaceb
In base 12, what is 44757b - 1?
44757a
In base 3, what is 221111001 + 200112?
222011120
In base 2, what is 111011111100110010110011011110 - 10?
111011111100110010110011011100
In base 3, what is -11 + 201100200?
201100112
In base 5, what is 34 + -20222132?
-20222043
In base 5, what is 3110302 + -130222?
2430030
In base 12, what is -18728b + 2?
-187289
In base 13, what is -101326a + 79?
-10131c1
In base 15, what is -3 + -1dac6a5?
-1dac6a8
In base 3, what is 110 + -11111002100012?
-11111002022202
In base 3, what is 201021 - 12200220222?
-12200012201
In base 13, what is -2995c - 100?
-29a5c
In base 9, what is 561736 + -1186?
560540
In base 4, what is 2120001210120 - -1?
2120001210121
In base 9, what is 5 - -2330426?
2330432
In base 15, what is -e8a9 - -1b3?
-e6e6
In base 6, what is -4 - -1333143523?
1333143515
In base 10, what is -4188 + 147?
-4041
In base 15, what is bc53 + 74?
bcc7
In base 8, what is -325377 - -4264?
-321113
In base 10, what is 19574 + -11649?
7925
In base 2, what is 111011111111000110001 - -1010101?
111011111111010000110
In base 11, what is 1 - 4118973?
-4118972
In base 6, what is 15 + -111433?
-111414
In base 11, what is 30947 + -2?
30945
In base 9, what is 622 + -105455?
-104733
In base 7, what is -134023425 - 46?
-134023504
In base 13, what is 45ab0b + -2?
45ab09
In base 12, what is -25816 + -262?
-25a78
In base 7, what is -51 + -16233030?
-16233111
In base 2, what is -11111000111011110101000 - 1001000?
-11111000111011111110000
In base 6, what is 404 + 10204155?
10205003
In base 3, what is -102211111 + -112100?
-110100211
In base 8, what is -7726 - -114534?
104606
In base 15, what is -5 - 44394b2?
-44394b7
In base 11, what is -916378a - -4?
-9163786
In base 11, what is -61053 + -15a?
-61202
In base 10, what is -22 - 2957496?
-2957518
In base 10, what is 5460 + 8517?
13977
In base 6, what is -4 - 34424301441?
-34424301445
In base 4, what is -1 + -313010323113?
-313010323120
In base 3, what is 100221 - 10021111021121?
-10021110220200
In base 11, what is -a9 - -a14912?
a14814
In base 10, what is -16070980 - 19?
-16070999
In base 5, what is 2411211 - -230?
2411441
In base 14, what is -11093 - -100?
-10d93
In base 4, what is 110 + -1020010203032?
-1020010202322
In base 14, what is -407dd13 - -5?
-407dd0c
In base 9, what is -634462 - -3?
-634458
In base 11, what is -12a4 - -25994?
246a0
In base 4, what is 11 + 12223120323202?
12223120323213
In base 16, what is -5 - 1c4942?
-1c4947
In base 16, what is 5 + 14baa700?
14baa705
In base 16, what is 1 + -1fb847?
-1fb846
In base 14, what is -2 - 1429b0a?
-1429b0c
In base 8, what is -277376 + 1225?
-276151
In base 2, what is 1 + 100111000101100010101101?
100111000101100010101110
In base 7, what is 222 - -6114?
6336
In base 3, what is -22012 - 1110100221111?
-1110101020200
In base 2, what is 1000 + 1110010001010000001?
1110010001010001001
In base 12, what is -425 - 536a17?
-537240
In base 4, what is 1302 + -2212301103?
-2212233201
In base 2, what is -101110001111110110 - -100011?
-101110001111010011
In base 12, what is -1b972652 + -8?
-1b97265a
In base 16, what is 15 - 1ea5c60?
-1ea5c4b
In base 11, what is -123 - -63210?
63098
In base 15, what is ee50 + 2be?
1021e
In base 2, what is 101 + -100001111100000100001011?
-100001111100000100000110
In base 12, what is -15719 - 823?
-16340
In base 3, what is 2210211201120021 + 0?
2210211201120021
In base 7, what is -1261634362 + -10?
-1261634402
In base 5, what is -4333101102 + 2?
-4333101100
In base 3, what is 22200221002 + 2201001?
22210122010
In base 8, what is 105535 - 10?
105525
In base 6, what is -2 - -1441433513?
1441433511
In base 10, what is -59315 - -1007?
-58308
In base 2, what is 1010011101010111100 + 101111?
1010011101011101011
In base 11, what is 2244 - -23a54?
26198
In base 9, what is -21637 + -18?
-21656
In base 15, what is 3 + 10365a9?
10365ac
In base 7, what is -35530511 + 0?
-35530511
In base 2, what is -110101100010010 + -110110000011?
-111100010010101
In base 11, what is 81a46525 - 1?
81a46524
In base 3, what is 1201200121001 + 12000?
1201200210001
In base 2, what is -11011001 + 101010111100110010?
101010111001011001
In base 11, what is 41739534 - 7?
41739528
In base 4, what is 221220 + 10023000?
10310220
In base 9, what is 284046 - 6?
284040
In base 13, what is 23 + -2a1765?
-2a1742
In base 10, what is 9 + -251342?
-251333
In base 12, what is -1 + 40a66a7?
40a66a6
In base 4, what is -3 - -2120232112133?
2120232112130
In base 2, what is -1100011111110 - 1010111?
-1100101010101
In base 9, what is 44502 + 152?
44654
In base 7, what is -3134445 - -30?
-3134415
In base 11, what is -7313978 - 26?
-73139a3
In base 9, what is -3503553056 + -2?
-3503553058
In base 2, what is 10110101110110110000100 - -10?
10110101110110110000110
In base 13, what is -19b1 - 27425?
-29106
In base 16, what is 471ca1 - -a?
471cab
In base 8, what is -103321 + -304?
-103625
In base 6, what is 0 - 1315444324?
-1315444324
In base 7, what is 6012 - 102402?
-63360
In base 15, what is -22 - -434c72?
434c50
In base 9, what is 8027 - -23288?
32326
In base 7, what is -4031 - 406425?
-413456
In base 7, what is 315 + 130005?
130323
In base 5, what is -324030 - -24334?
-244141
In ba